-t + o = 3126, 0 = o - 3 + 4. Let h = 484 - t. Is h a composite number?
True
Suppose -3190 - 86 = -21*n. Is n - 6*7/(-14) a composite number?
True
Let l = 169 - 169. Suppose 4*g + 4*k = 3*g + 6741, l = k + 5. Is g a composite number?
False
Suppose -2*u + 37 = v - 43, 2*v - 4 = 0. Suppose -218375 = u*f - 608492. Is f prime?
False
Let b(p) = -2*p - 36. Let u be b(-17). Let i be 2 + ((-64)/(-24))/(u/(-6)). Is (-25548)/(-30) + (-6)/i a prime number?
False
Let j(i) = -i**3 - 8*i**2 - 7*i + 2. Let q be j(-7). Suppose q*n = -5*m + 10*m + 9555, -m = -2*n + 9543. Let v = -2207 + n. Is v a prime number?
False
Is (120/(-72))/5*-4266663 a prime number?
True
Suppose 0 = 13*p + 9505 + 11074. Let w = p - -8380. Is w composite?
True
Let d(x) = x**3 - 26*x**2 + 47*x + 25. Let n be d(24). Let m be 181*n*(-15)/(-15). Suppose -m = -5*s + 174. Is s composite?
False
Suppose -72*a - 3367207 = -48*a - 41*a. Is a composite?
True
Suppose -9*q = 19*q + 56. Let n be 8*(-1 + 2/4). Is q/(-5) - n/((-40)/(-6286)) composite?
True
Suppose 0 = 3*f + 3*j - 335 - 436, 2*f - 2*j - 518 = 0. Let i = 1040 - 1155. Let k = f - i. Is k prime?
True
Suppose -i + 88228 = 5*g, 2*g + 5*i = -825 + 36084. Is g composite?
True
Suppose -19*y = 1186 + 486. Is 4/(y/(-14502)) - 12/66 a prime number?
True
Let w be 19/(798/(-72)) + 2/(-7). Let b(s) = -2*s**3 - 3*s**2. Let u be b(w). Suppose -c = -5*g + 1897, -u*c - c - 10 = 0. Is g prime?
True
Suppose -w - 24690 + 69438 = 5*f, 5 = f. Is w composite?
True
Let h(d) = 14085*d**3 - d**2 + 2*d - 1. Let t be h(1). Suppose 2*z - t = 901. Is z a composite number?
True
Let j(g) = 2*g**3 - 65*g**2 + 1007*g + 7. Is j(27) a composite number?
True
Suppose 0 = 7*u - 11*u + 16612. Suppose -2*r = s - u, s - 3*r - 4156 = -4*r. Is s a composite number?
False
Let n(a) = a**2 - 54*a - 47. Let x be n(33). Let c = 13741 + x. Is c a prime number?
True
Suppose -61 = -4*j + 319. Let q = j + -84. Suppose -q*n = -2*n - 603. Is n composite?
False
Let w be (-3 + -1*12)/((-3)/909). Suppose 3*a - 3*r - w = a, 3*a = -3*r + 6780. Let o = a - 1216. Is o prime?
True
Suppose -32*p + 88 = -24*p. Let i(j) = 46*j**2 - 3*j + 106. Is i(p) a composite number?
False
Let z(q) = -5*q**2 - 19*q + 16. Let x be z(7). Let w = x + 1797. Let y = -722 + w. Is y a composite number?
True
Suppose 3*v + 0*s = 4*s + 410, 3*v - 408 = 3*s. Let y = v + -98. Is 1637*(54/y - 2/4) a composite number?
False
Suppose u + 560 = -2*f, 3*f + 2264 = -4*u + 7*f. Suppose -3*y - 3859 + 1216 = 0. Let t = u - y. Is t a prime number?
True
Let o(z) = 26*z + 19. Suppose 150 = -6*g + 11*g. Suppose 5*v = 45 + g. Is o(v) a composite number?
False
Let r(m) = -2427*m**3 - 48*m**2 + 7*m + 21. Is r(-5) a composite number?
True
Suppose 111827 - 25143 = 13*n. Let m = n + 21777. Is m prime?
False
Suppose 14108 = 7*d - 78219 + 11848. Is d prime?
True
Suppose p - 1806 = -4*s + 4*p, 4*p + 8 = 0. Suppose -28358 = -s*y + 448*y. Is y a prime number?
False
Let w = -3564 - 148. Let s = -1763 - w. Is s a composite number?
False
Let a = 22391 - 15432. Is a a composite number?
False
Let d = 228 - 218. Let x(v) = 1502*v + 201. Is x(d) prime?
False
Let b(c) = -2272*c**3 + 2*c**2 - 8*c - 15. Let t be b(-2). Suppose -8*i + 255217 = t. Is i a composite number?
False
Let f be (-25)/(-10)*(648/(-30))/6. Is f/(54/15) - 7671/(-2) a composite number?
False
Let o(m) = m**3 + 16*m - 42. Let n be o(-20). Is (-3 - n/(-12)*3)*-2 composite?
True
Let v(d) = -8*d**2 - 25*d + 13. Let j be v(-25). Let r = -3069 - j. Is r a prime number?
False
Suppose 6*l = l + 59930. Let i = 17987 - l. Is i a composite number?
True
Let y(z) = -2*z**2 - 4*z**3 - z**3 + 2*z**3 - 7 + 4*z**3 - 3*z. Let h be y(-5). Let o = h + 924. Is o composite?
False
Let a = -301 + 306. Suppose a*n - r = 178972, -19*n + 22*n - 107397 = -4*r. Is n prime?
False
Suppose 2*p = 7*p - 15. Suppose -914 = 2*d - 5*d + 4*q, -p*q = -d + 313. Suppose 5*z - 7*z = -d. Is z prime?
True
Let u = 169 + -56. Let x = 104 - u. Is (-9084)/x + 2/(-6) a composite number?
False
Suppose -10 = g - 21. Suppose -g*y + 2480 + 36141 = 0. Is y a composite number?
False
Is (-32)/24 - (-3601518)/18 a composite number?
True
Suppose -6*o + 3*o + 36 = 0. Let s(p) = -4*p + o - 7 - p + 15*p**2 + 2. Is s(3) a prime number?
True
Is 348/9*(-15)/180*-36711 prime?
False
Is (126199/(-2))/(604/(-8456)) prime?
False
Let i = 94 - 86. Suppose i*a - 11*a + 31356 = 0. Suppose a = 13*b - 7865. Is b composite?
False
Suppose 4*j - 5*k - 473 = -0*j, 0 = -3*j - 4*k + 378. Let q = -5674 + 5950. Suppose -2*f + q = -j. Is f a prime number?
True
Let y(n) = -355*n**3 - 3*n**2 + 8*n - 1. Let p be 2/12 + 475/(-150). Is y(p) a prime number?
True
Suppose -2*n - 8 = -3*u - n, 5*n - 20 = 0. Suppose 0 = -t, 5*p + u*t - 6*t = 0. Suppose p = 32*v - 34*v + 446. Is v prime?
True
Suppose -856*i + 850*i = 72. Is (-4)/10 - (100535/(-25) - i) composite?
True
Suppose -11*o + 292594 = -390187. Is o a prime number?
True
Is (-33060760)/(-2624) + (-9)/24 a composite number?
True
Let m = -40217 - -128400. Is m a prime number?
False
Let n = 62 + 719. Let f(g) = -g**2 + 13 - 25 + 11 + n*g**3 - 2*g - 3798*g**3. Is f(-1) a prime number?
False
Let z(d) be the first derivative of 10*d**3 - 2*d**2 - 67*d + 178. Is z(-20) a prime number?
False
Let v(d) = 1256*d - 11. Suppose 4*x - 77 = -45. Is v(x) prime?
True
Suppose 0 = 10*h - 38*h + 2882852. Is h a composite number?
True
Let j = 53002 + 9149. Is j a composite number?
True
Suppose 0 = -6*q - 21*q + 162. Suppose 0 = 3*x + 6 + 3. Is (2/x)/(q/(-1467)) prime?
True
Let i(u) = -129*u - 14. Let z be i(6). Let m be (22/(-24) - 14/(-21))*z. Let y = m + 114. Is y a prime number?
True
Let i(p) = -238*p + 1. Let n = 35 + -37. Let j be i(n). Suppose -697 = -2*m + j. Is m prime?
True
Let m be 6/45 - (-610)/(-75). Let n be m*(-3228 - -1) - -4. Suppose 4*l = 12, -6*b + b + 5*l = -n. Is b prime?
True
Let u be 30/6 - 3/1. Suppose -2*b = u*z - 12802, 4914 = 5*b + 2*z - 27091. Is b composite?
True
Suppose -6119 = 8*x - 12*x + 3*k, -5*x = 5*k - 7605. Suppose -p + 2*p + x = a, -p = -4*a + 6095. Is a a composite number?
False
Let d(r) = -2406*r - 12. Let u be d(-10). Let o = -11445 + u. Suppose -5*g + 2*w = -o, 0*w - 3*w = -2*g + 5039. Is g a prime number?
True
Suppose 139*u + 43*u - 174994274 = 0. Is u a prime number?
True
Let u(b) = -b**3 - 33*b**2 - 46*b - 121. Let r be u(-37). Let q = 17064 - r. Is q a prime number?
True
Let w be 5/(-10) + (-7)/(-2) - 4. Let f be (6053 - 0/w)*1. Let u = -1788 + f. Is u prime?
False
Let f be 36/21*(-7)/(-2). Suppose -f*a = -3*a - 15. Suppose a*x = 864 + 91. Is x a composite number?
False
Let j(q) = 2*q + 199. Suppose -35*y = -38*y + 150. Let h = y + -50. Is j(h) composite?
False
Suppose 14 = -8*m + 6*m, 6*z + 3*m - 1244577 = 0. Is z a composite number?
False
Suppose 0 = -4*z - 3*f - 41, 39 = -4*z + z - 5*f. Let k(q) = -18*q - 25. Let b be k(z). Suppose -b = 3*y - 1196. Is y a prime number?
True
Let f(h) = -50*h**2 + 7*h - 17. Let s be f(6). Let q = s + 3048. Is q a prime number?
False
Let o(m) = 17*m - 6. Let b be o(-10). Suppose 0 = 22*j + 22*j + 14828. Let y = b - j. Is y composite?
True
Let r be (2 + (-25)/4)/((-2)/536). Let y = r + -613. Is y composite?
True
Suppose 3*i - 20502 = 3*j, -5*j - 14*i = -10*i + 34143. Let p = -1184 - j. Is p a composite number?
False
Suppose 3*u + 2632 = 5*u - g, 12 = 3*g. Suppose w - 665 = -2*o, -3*w + w - o = -u. Let v = -398 + w. Is v a prime number?
False
Suppose -8*b - 15197 = -4133. Let w = 2744 + b. Is w prime?
True
Let x(o) = 216*o - 1. Let g be x(2). Suppose 15 = -251*q + 250*q. Let w = g - q. Is w prime?
False
Suppose -41*t + 59*q + 105492733 = 55*q, -4*t + 4*q + 10291992 = 0. Is t prime?
True
Let x(t) be the first derivative of -7*t**2/2 - 6*t + 19. Let c = -28 + 7. Is x(c) composite?
True
Suppose 28*h - 27*h = 342. Suppose -6 = h*r - 343*r. Suppose -a = -r*a + 43015. Is a prime?
False
Let z(i) = i**3 - 58*i**2 + 465*i + 177. Is z(122) composite?
False
Suppose 12*u + 5*n - 38533 = 11*u, 77082 = 2*u + 2*n. Is u prime?
True
Is 4001/(-1*(-4)/10 + 102/(-510)) composite?
True
Let h(v) = -1502*v + 84. Let x be h(-17). Is x/9 + (-8)/18 a composite number?
True
Let j(p) = p**3 - 36*p**2 + 4*p - 166. Let d be j(37). Suppose 19*b = 14*b - 3*a + 6806, -b - 4*a = -d. Is b prime?
False
Sup